{"id":22437,"date":"2025-03-29T13:51:45","date_gmt":"2025-03-29T11:51:45","guid":{"rendered":"https:\/\/parhaatbileet.fi\/?page_id=22437"},"modified":"2026-03-27T12:55:12","modified_gmt":"2026-03-27T10:55:12","slug":"parja","status":"publish","type":"page","link":"https:\/\/www.parhaatbileet.fi\/lippukauppa\/parja\/","title":{"rendered":"P\u00e4rj\u00e4 Ski &#038; Bistro"},"content":{"rendered":"<div class=\"wpb-content-wrapper\"><p>[vc_row full_width=&#8221;stretch_row_content&#8221; full_height=&#8221;yes&#8221; columns_placement=&#8221;top&#8221; equal_height=&#8221;yes&#8221; content_placement=&#8221;middle&#8221; leaf_row_scheme=&#8221;1&#8243; css=&#8221;.vc_custom_1743251652370{margin-top: 30px !important;background-image: url(https:\/\/parhaatbileet.fi\/lippukauppa\/wp-content\/uploads\/2025\/03\/487031077_956850253098917_130245074859914177_n.jpg?id=22441) !important;background-position: center !important;background-repeat: no-repeat !important;background-size: cover !important;}&#8221; min_height=&#8221;320&#8243;][vc_column width=&#8221;1\/2&#8243;][\/vc_column][vc_column width=&#8221;1\/2&#8243; css=&#8221;.vc_custom_1743251597395{margin-top: 40px !important;margin-right: 32px !important;background-color: #2B2B2B91 !important;border-radius: 15px !important;border-color: #FFFFFF !important;}&#8221;][vc_empty_space height=&#8221;60px&#8221;]    <div class=\"ia-heading ia-heading-heading_9827 heading-align-center \" data-delay=0>\r\n    \t<h2 class=\"h1\">\r\n                \t<strong>P\u00c4RJ\u00c4<\/strong><br \/>\nSki Bistro &amp; Suites                <\/h2>\r\n        <div class=\"clearfix\"><\/div>\r\n    <\/div>\r\n    [vc_column_text css=&#8221;&#8221;]<\/p>\n<p style=\"text-align: center;\">Takarinteentie 4<br \/>\n93280 Pudasj\u00e4rvi<br \/>\ninfo@skiparja.fi<br \/>\n+358 400 803 462<br \/>\n<a href=\"https:\/\/www.facebook.com\/parjaski\" target=\"_blank\" rel=\"noreferrer noopener\"><span data-hyphens=\"\">Facebook<\/span><\/a><\/p>\n<p>&nbsp;<\/p>\n<p style=\"text-align: center;\">    \t<a class=\"btn skew-btn button-button_button_88 btn-primary btn-lg \" href=\"https:\/\/www.parhaatbileet.fi\/lippukauppa\/keikat\/category\/keikat\/parja-ski-bistro\/\" >\r\n        <span class=\"btn-text\">Katso tulevat tapahtumat t\u00e4\u00e4lt\u00e4.<\/span>        <\/a>\r\n        <\/p>\n<p>[\/vc_column_text][vc_empty_space][\/vc_column][\/vc_row][vc_row full_width=&#8221;stretch_row_content_no_spaces&#8221; equal_height=&#8221;yes&#8221; content_placement=&#8221;middle&#8221; leaf_row_scheme=&#8221;0&#8243; css=&#8221;.vc_custom_1774607373852{margin-top: 0px !important;margin-right: 0px !important;padding-right: 0px !important;}&#8221;][vc_column width=&#8221;1\/2&#8243; css=&#8221;.vc_custom_1708528372947{padding-right: 10% !important;padding-left: 10% !important;}&#8221;][vc_column_text css=&#8221;.vc_custom_1774607284805{padding-top: 50px !important;}&#8221;]<\/p>\n<h2 class=\"main-color-1\" style=\"text-align: center;\"><strong>Sy\u00f6tteen parhaat Afterski bileet!<\/strong><\/h2>\n<p style=\"text-align: center;\">Takarinteiden juurelta l\u00f6yd\u00e4t P\u00e4rj\u00e4 Ski Bistron, joka tarjoaa maittavimmat ruoat ja juomat ulkoilup\u00e4iv\u00e4\u00e4n sek\u00e4 Sy\u00f6tteen parhaat afterski bileet. Tule nauttimaan ja viihtym\u00e4\u00e4n ravintolaan tai aurinkoiselle terassillemme!<\/p>\n<p>&nbsp;<\/p>\n<p style=\"text-align: center;\">    \t<a class=\"btn skew-btn button-button_button_58 btn-primary \" href=\"https:\/\/www.parhaatbileet.fi\/lippukauppa\/keikat\/category\/keikat\/parja-ski-bistro\/\"  target=\"_blank\">\r\n        <span class=\"btn-text\">Katso tulevat tapahtumat t\u00e4\u00e4lt\u00e4!<\/span>        <\/a>\r\n        <\/p>\n<p>[\/vc_column_text][\/vc_column][vc_column width=&#8221;1\/2&#8243; el_class=&#8221;etusivu-keikka-slider&#8221; css=&#8221;.vc_custom_1774607152629{padding-top: 0px !important;padding-right: 0px !important;padding-bottom: 0px !important;padding-left: 0px !important;}&#8221;]    \t<section class=\"leaf-post-slider leaf-post-slider-8933  kenburns-on\" data-delay=0>\n            <div class=\"post-slider-wrap\">\n                <div class=\"init-carousel post-slider-carousel carousel-has-control single-carousel\" data-navigation=\"1\" data-autoplay=\"6000\">\n                                    <div class=\"post-slider-item\">\n                        <div class=\"slider-item-content\"  >\n                            <div class=\"slider-thumbnail\">\n                                <a href=\"https:\/\/www.parhaatbileet.fi\/lippukauppa\/keikka\/tauski-iso-syote-parja-4-4-2026\/\" title=\"Tauski Iso-Sy\u00f6te P\u00e4rj\u00e4 4.4.2026\" >\n                                                                        <img decoding=\"async\" src=\"https:\/\/www.parhaatbileet.fi\/lippukauppa\/wp-content\/uploads\/2026\/02\/TAUSKI-PARJA-PAASIAINEN-1.jpg\" width=\"1090\" height=\"569\" title=\"Tauski Iso-Sy\u00f6te P\u00e4rj\u00e4 4.4.2026\" alt=\"Tauski Iso-Sy\u00f6te P\u00e4rj\u00e4 4.4.2026\">\n                                <\/a>\n                            <\/div><!--slider-thumbnail-->\n                            <div class=\"post-slider-overlay dark-div\">\n                                <a class=\"post-slider-overlay-link\" href=\"https:\/\/www.parhaatbileet.fi\/lippukauppa\/keikka\/tauski-iso-syote-parja-4-4-2026\/\" title=\"Tauski Iso-Sy\u00f6te P\u00e4rj\u00e4 4.4.2026\">\n                                \t<h4 class=\"h1 post-slider-title\">Tauski Iso-Sy\u00f6te P\u00e4rj\u00e4 4.4.2026<\/h4>\n\n                                \t\t                                \t<div class=\"slider-cats h5\"><i class=\"lnr lnr-layers\"><\/i>\n\t\t                                \t <span>keikat<\/span><span>, P\u00e4rj\u00e4 Ski Bistro<\/span>\t\t\t\t\t\t\t\t\t\t<\/div>\n                                                                        <div class=\"clearfix\"><\/div>\n                                <\/a>\n                                <div class=\"post-slider-overlay-buttons\">\n                                \t\t\t\t\t\t\t\t\t\t\t<a class=\"btn btn-primary btn-lg\" href=\"https:\/\/www.parhaatbileet.fi\/lippukauppa\/keikka\/tauski-iso-syote-parja-4-4-2026\/\" title=\"Tauski Iso-Sy\u00f6te P\u00e4rj\u00e4 4.4.2026\">\n\t\t\t\t\t\t\t\t\t\t\t<i class=\"lnr lnr-calendar-full\"><\/i> Lis\u00e4tiedot<\/a>\n\t\t\t\t\t\t\t\t\t\t<a class=\"btn btn-default btn-lg hidden-xs\" href=\"https:\/\/www.parhaatbileet.fi\/lippukauppa\/keikka\/tauski-iso-syote-parja-4-4-2026\/#event-cart\" title=\"Tauski Iso-Sy\u00f6te P\u00e4rj\u00e4 4.4.2026\">\n\t\t\t\t\t\t\t\t\t\t\t<i class=\"lnr lnr-cart\"><\/i> Osta lippu<\/a>\n\n\t\t\t\t\t\t\t\t\t                                <\/div>\n                            <\/div>\n                                                        <div class=\"slider-event-meta heading-event-meta hidden-xs dark-div\">\n                                <div class=\"heading-meta-col\">\n                                    <div class=\"heading-event-meta-title h2 main-color-1-border\"><i class=\"lnr lnr-calendar-full\"><\/i> Aika<\/div>\n                                    <div class=\"heading-event-meta-content\">\n                                        <span class=\"tribe-event-date-start\">4 huhtikuuta @ 20:00<\/span> - <span class=\"tribe-event-date-end\">5 huhtikuuta @ 04:00<\/span>                                    <\/div>\n                                <\/div>\n                                \n                                                                <div class=\"heading-meta-col\">\n                                    <div class=\"heading-event-meta-title h2\"><i class=\"lnr lnr-map-marker\"><\/i> Paikka<\/div>\n                                    <div class=\"heading-event-meta-content\">\n                                    \t<dl>\n                                            <dt>P\u00e4rj\u00e4 Ski &#038; Bistro<\/dt>\n                                            <dd>\n                                                <address>\n                                                    <span class=\"tribe-address\">\n\n<span class=\"tribe-street-address\">Takarinteentie 4<\/span>\n\t\n\t\t<br>\n\t\t<span class=\"tribe-locality\">Pudasj\u00e4rvi<\/span><span class=\"tribe-delimiter\">,<\/span>\n\n\n\t<span class=\"tribe-postal-code\">93280<\/span>\n\n\n<\/span>\n                                                                                                    <\/address>\n                                            <\/dd>\n                                        <\/dl>\n                                    <\/div>\n                                <\/div>\n                                                                                                <div class=\"heading-meta-col\">\n                                    <div class=\"heading-event-meta-title h2\"><i class=\"lnr lnr-file-add\"><\/i> Lippu<\/div>\n                                    <div class=\"heading-event-meta-content\">\n                                        <div class=\"tribe-events-cost\">\n                                            17.00&euro;                            \t\t\t\t<div><a href=\"https:\/\/www.parhaatbileet.fi\/lippukauppa\/keikka\/tauski-iso-syote-parja-4-4-2026\/\">Hanki nyt <i class=\"fa fa-angle-right\"><\/i><\/a><\/div>\n                                        <\/div>\n                                    <\/div>\n                                <\/div>\n                                                                \n                            <\/div><!--\/heading-event-meta-->\n                                                    <\/div><!--\/app-item-->\n                    <\/div><!--\/post-carousel-item-->\n                                <\/div>\n            <\/div>\n        <\/section><!--\/leaf-post-slider-->\n\t[\/vc_column][\/vc_row][vc_row full_width=&#8221;stretch_row_content&#8221; equal_height=&#8221;yes&#8221; content_placement=&#8221;middle&#8221; leaf_row_scheme=&#8221;0&#8243; el_class=&#8221;swap-on-mobile&#8221;][vc_column width=&#8221;1\/2&#8243; css=&#8221;.vc_custom_1774607497694{margin-top: 0px !important;margin-left: 0px !important;padding-top: 0px !important;padding-right: 0px !important;padding-bottom: 0px !important;padding-left: 0px !important;background-image: url(https:\/\/www.parhaatbileet.fi\/lippukauppa\/wp-content\/uploads\/2025\/03\/472609626_1341717183865607_7525005841317608397_n.jpg?id=22541) !important;background-position: center !important;background-repeat: no-repeat !important;background-size: cover !important;}&#8221;][vc_empty_space height=&#8221;500px&#8221; css=&#8221;.vc_custom_1774607595686{padding-top: 10% !important;padding-right: 10% !important;padding-bottom: 10% !important;padding-left: 10% !important;}&#8221;][\/vc_column][vc_column width=&#8221;1\/2&#8243; el_class=&#8221;etusivu-keikka-slider&#8221; css=&#8221;.vc_custom_1774607048010{padding-top: 10% !important;padding-right: 10% !important;padding-bottom: 10% !important;padding-left: 10% !important;}&#8221;][vc_column_text css=&#8221;.vc_custom_1774607104354{padding-top: 50px !important;}&#8221;]<\/p>\n<h2 class=\"main-color-1\" style=\"text-align: center;\"><strong>P\u00e4rj\u00e4n keitti\u00f6st\u00e4 herkut n\u00e4lk\u00e4\u00e4n ja juomat janoon!<\/strong><\/h2>\n<p style=\"text-align: center;\">Kehuttu keitti\u00f6mme tarjoilee maittavat ev\u00e4\u00e4t jokaiseen makuun. Tule maistamaan mehev\u00e4t burgerit ja maittavat pizzat.<\/p>\n<p style=\"text-align: center;\">    \t<a class=\"btn skew-btn button-button_button_58 btn-primary \" href=\"https:\/\/skiparja.fi\/parja-ski-bistro\/\"  target=\"_blank\">\r\n        <span class=\"btn-text\">Ruokalista ja lis\u00e4infot!<\/span>        <\/a>\r\n        <\/p>\n<p>[\/vc_column_text][\/vc_column][\/vc_row][vc_row full_width=&#8221;stretch_row_content_no_spaces&#8221; leaf_row_scheme=&#8221;0&#8243;][vc_column][vc_goo_maps location=&#8221;Takarinteentie 4 93280 Pudasj\u00e4rvi&#8221; height=&#8221;500&#8243; zoom=&#8221;14&#8243; css=&#8221;&#8221;][\/vc_column][\/vc_row][vc_row][vc_column][vc_empty_space][vc_column_text css=&#8221;&#8221;]<\/p>\n<h2 style=\"text-align: center;\"><\/h2>\n<p style=\"text-align: center;\"><img decoding=\"async\" class=\"alignnone size-medium wp-image-12651\" src=\"https:\/\/parhaatbileet.fi\/lippukauppa\/wp-content\/uploads\/2024\/08\/parhaat-bileet-dark-logo-medium-300x100.png\" alt=\"Parhaat bileet\" width=\"300\" height=\"100\" srcset=\"https:\/\/www.parhaatbileet.fi\/lippukauppa\/wp-content\/uploads\/2024\/08\/parhaat-bileet-dark-logo-medium-300x100.png 300w, https:\/\/www.parhaatbileet.fi\/lippukauppa\/wp-content\/uploads\/2024\/08\/parhaat-bileet-dark-logo-medium.png 500w\" sizes=\"(max-width: 300px) 100vw, 300px\" \/><\/p>\n<p style=\"text-align: center;\"><strong>Lippukauppa ja paras kumppani tapahtumallesi.<\/strong><\/p>\n<p style=\"text-align: center;\">    \t<a class=\"btn skew-btn button-button_button_11 btn-primary \" href=\"https:\/\/www.parhaatbileet.fi\/lippukauppa\/lippukauppa-jarjestajalle\/\" >\r\n        <span class=\"btn-text\">Katso ja tutustu!<\/span>        <\/a>\r\n        <\/p>\n<p>[\/vc_column_text][\/vc_column][\/vc_row]<\/p>\n<\/div>","protected":false},"excerpt":{"rendered":"<p>[vc_row full_width=&#8221;stretch_row_content&#8221; full_height=&#8221;yes&#8221; columns_placement=&#8221;top&#8221; equal_height=&#8221;yes&#8221; content_placement=&#8221;middle&#8221; leaf_row_scheme=&#8221;1&#8243; css=&#8221;.vc_custom_1743251652370{margin-top: 30px !important;background-image: url(https:\/\/parhaatbileet.fi\/lippukauppa\/wp-content\/uploads\/2025\/03\/487031077_956850253098917_130245074859914177_n.jpg?id=22441) !important;background-position: center !important;background-repeat: no-repeat !important;background-size: cover !important;}&#8221; min_height=&#8221;320&#8243;][vc_column width=&#8221;1\/2&#8243;][\/vc_column][vc_column width=&#8221;1\/2&#8243; css=&#8221;.vc_custom_1743251597395{margin-top: [&hellip;]<\/p>\n","protected":false},"author":2,"featured_media":0,"parent":0,"menu_order":0,"comment_status":"closed","ping_status":"closed","template":"","meta":{"_tec_requires_first_save":false,"_price":"","_stock":"","_tribe_ticket_header":"","_tribe_default_ticket_provider":"Tribe__Tickets_Plus__Commerce__WooCommerce__Main","_tribe_ticket_capacity":"0","_ticket_start_date":"","_ticket_end_date":"","_tribe_ticket_show_description":"","_tribe_ticket_show_not_going":false,"_tribe_ticket_use_global_stock":"","_tribe_ticket_global_stock_level":"","_global_stock_mode":"","_global_stock_cap":"","_tribe_rsvp_for_event":"","_tribe_ticket_going_count":"","_tribe_ticket_not_going_count":"","_tribe_tickets_list":"[]","_tribe_ticket_has_attendee_info_fields":false,"_EventAllDay":false,"_EventTimezone":"","_EventStartDate":"","_EventEndDate":"","_EventStartDateUTC":"","_EventEndDateUTC":"","_EventShowMap":false,"_EventShowMapLink":false,"_EventURL":"","_EventCost":"","_EventCostDescription":"","_EventCurrencySymbol":"","_EventCurrencyCode":"","_EventCurrencyPosition":"","_EventDateTimeSeparator":"","_EventTimeRangeSeparator":"","_EventOrganizerID":[],"_EventVenueID":[],"_OrganizerEmail":"","_OrganizerPhone":"","_OrganizerWebsite":"","_VenueAddress":"","_VenueCity":"","_VenueCountry":"","_VenueProvince":"","_VenueState":"","_VenueZip":"","_VenuePhone":"","_VenueURL":"","_VenueStateProvince":"","_VenueLat":"","_VenueLng":"","_VenueShowMap":false,"_VenueShowMapLink":false,"_tribe_blocks_recurrence_rules":"","_tribe_blocks_recurrence_description":"","_tribe_blocks_recurrence_exclusions":"","footnotes":"","_tec_slr_enabled":"","_tec_slr_layout":""},"class_list":["post-22437","page","type-page","status-publish","hentry","cat_keikat","cat_parja-ski-bistro"],"yoast_head":"<!-- This site is optimized with the Yoast SEO Premium plugin v27.3 (Yoast SEO v27.3) - https:\/\/yoast.com\/product\/yoast-seo-premium-wordpress\/ -->\n<title>P\u00e4rj\u00e4 Ski &amp; Bistro - PARHAATBILEET.FI<\/title>\n<meta name=\"description\" content=\"P\u00e4rj\u00e4 Ski &amp; Bistro l\u00f6ytyy Iso-Sy\u00f6tteen takarinteiden juurelta. Iso aurinko terassi ja suosittu erinomainen keitti\u00f6 tarjoaa herkulliset sapuskat ja maittavat juomat! Silloin t\u00e4ll\u00f6in my\u00f6s live-esiintymisi\u00e4 - ennakkoliput myy Parhaatbileet.fi!\" \/>\n<meta name=\"robots\" content=\"index, follow, max-snippet:-1, max-image-preview:large, max-video-preview:-1\" \/>\n<link rel=\"canonical\" href=\"https:\/\/www.parhaatbileet.fi\/lippukauppa\/parja\/\" \/>\n<meta property=\"og:locale\" content=\"fi_FI\" \/>\n<meta property=\"og:type\" content=\"article\" \/>\n<meta property=\"og:title\" content=\"P\u00e4rj\u00e4 Ski &amp; Bistro\" \/>\n<meta property=\"og:description\" content=\"P\u00e4rj\u00e4 Ski &amp; Bistro l\u00f6ytyy Iso-Sy\u00f6tteen takarinteiden juurelta. Iso aurinko terassi ja suosittu erinomainen keitti\u00f6 tarjoaa herkulliset sapuskat ja maittavat juomat! Silloin t\u00e4ll\u00f6in my\u00f6s live-esiintymisi\u00e4 - ennakkoliput myy Parhaatbileet.fi!\" \/>\n<meta property=\"og:url\" content=\"https:\/\/www.parhaatbileet.fi\/lippukauppa\/parja\/\" \/>\n<meta property=\"og:site_name\" content=\"PARHAATBILEET.FI\" \/>\n<meta property=\"article:modified_time\" content=\"2026-03-27T10:55:12+00:00\" \/>\n<meta property=\"og:image\" content=\"https:\/\/parhaatbileet.fi\/lippukauppa\/wp-content\/uploads\/2024\/08\/parhaat-bileet-dark-logo-medium-300x100.png\" \/>\n<meta name=\"twitter:card\" content=\"summary_large_image\" \/>\n<meta name=\"twitter:label1\" content=\"Arvioitu lukuaika\" \/>\n\t<meta name=\"twitter:data1\" content=\"2 minuuttia\" \/>\n<script type=\"application\/ld+json\" class=\"yoast-schema-graph\">{\"@context\":\"https:\\\/\\\/schema.org\",\"@graph\":[{\"@type\":\"WebPage\",\"@id\":\"https:\\\/\\\/www.parhaatbileet.fi\\\/lippukauppa\\\/parja\\\/\",\"url\":\"https:\\\/\\\/www.parhaatbileet.fi\\\/lippukauppa\\\/parja\\\/\",\"name\":\"P\u00e4rj\u00e4 Ski & Bistro - PARHAATBILEET.FI\",\"isPartOf\":{\"@id\":\"https:\\\/\\\/www.parhaatbileet.fi\\\/lippukauppa\\\/#website\"},\"primaryImageOfPage\":{\"@id\":\"https:\\\/\\\/www.parhaatbileet.fi\\\/lippukauppa\\\/parja\\\/#primaryimage\"},\"image\":{\"@id\":\"https:\\\/\\\/www.parhaatbileet.fi\\\/lippukauppa\\\/parja\\\/#primaryimage\"},\"thumbnailUrl\":\"https:\\\/\\\/parhaatbileet.fi\\\/lippukauppa\\\/wp-content\\\/uploads\\\/2024\\\/08\\\/parhaat-bileet-dark-logo-medium-300x100.png\",\"datePublished\":\"2025-03-29T11:51:45+00:00\",\"dateModified\":\"2026-03-27T10:55:12+00:00\",\"description\":\"P\u00e4rj\u00e4 Ski & Bistro l\u00f6ytyy Iso-Sy\u00f6tteen takarinteiden juurelta. Iso aurinko terassi ja suosittu erinomainen keitti\u00f6 tarjoaa herkulliset sapuskat ja maittavat juomat! Silloin t\u00e4ll\u00f6in my\u00f6s live-esiintymisi\u00e4 - ennakkoliput myy Parhaatbileet.fi!\",\"breadcrumb\":{\"@id\":\"https:\\\/\\\/www.parhaatbileet.fi\\\/lippukauppa\\\/parja\\\/#breadcrumb\"},\"inLanguage\":\"fi\",\"potentialAction\":[{\"@type\":\"ReadAction\",\"target\":[\"https:\\\/\\\/www.parhaatbileet.fi\\\/lippukauppa\\\/parja\\\/\"]}]},{\"@type\":\"ImageObject\",\"inLanguage\":\"fi\",\"@id\":\"https:\\\/\\\/www.parhaatbileet.fi\\\/lippukauppa\\\/parja\\\/#primaryimage\",\"url\":\"https:\\\/\\\/parhaatbileet.fi\\\/lippukauppa\\\/wp-content\\\/uploads\\\/2024\\\/08\\\/parhaat-bileet-dark-logo-medium-300x100.png\",\"contentUrl\":\"https:\\\/\\\/parhaatbileet.fi\\\/lippukauppa\\\/wp-content\\\/uploads\\\/2024\\\/08\\\/parhaat-bileet-dark-logo-medium-300x100.png\"},{\"@type\":\"BreadcrumbList\",\"@id\":\"https:\\\/\\\/www.parhaatbileet.fi\\\/lippukauppa\\\/parja\\\/#breadcrumb\",\"itemListElement\":[{\"@type\":\"ListItem\",\"position\":1,\"name\":\"Etusivu\",\"item\":\"https:\\\/\\\/www.parhaatbileet.fi\\\/lippukauppa\\\/\"},{\"@type\":\"ListItem\",\"position\":2,\"name\":\"P\u00e4rj\u00e4 Ski &#038; Bistro\"}]},{\"@type\":\"WebSite\",\"@id\":\"https:\\\/\\\/www.parhaatbileet.fi\\\/lippukauppa\\\/#website\",\"url\":\"https:\\\/\\\/www.parhaatbileet.fi\\\/lippukauppa\\\/\",\"name\":\"Parhaat bileet ja lippukauppa\",\"description\":\"Lippukauppa tapahtumille. J\u00e4rjest\u00e4j\u00e4lle ilmainen.\",\"publisher\":{\"@id\":\"https:\\\/\\\/www.parhaatbileet.fi\\\/lippukauppa\\\/#organization\"},\"potentialAction\":[{\"@type\":\"SearchAction\",\"target\":{\"@type\":\"EntryPoint\",\"urlTemplate\":\"https:\\\/\\\/www.parhaatbileet.fi\\\/lippukauppa\\\/?s={search_term_string}\"},\"query-input\":{\"@type\":\"PropertyValueSpecification\",\"valueRequired\":true,\"valueName\":\"search_term_string\"}}],\"inLanguage\":\"fi\"},{\"@type\":\"Organization\",\"@id\":\"https:\\\/\\\/www.parhaatbileet.fi\\\/lippukauppa\\\/#organization\",\"name\":\"Parhaat bileet\",\"url\":\"https:\\\/\\\/www.parhaatbileet.fi\\\/lippukauppa\\\/\",\"logo\":{\"@type\":\"ImageObject\",\"inLanguage\":\"fi\",\"@id\":\"https:\\\/\\\/www.parhaatbileet.fi\\\/lippukauppa\\\/#\\\/schema\\\/logo\\\/image\\\/\",\"url\":\"https:\\\/\\\/parhaatbileet.fi\\\/lippukauppa\\\/wp-content\\\/uploads\\\/2024\\\/08\\\/parhaat-bileet-dark-logo.png\",\"contentUrl\":\"https:\\\/\\\/parhaatbileet.fi\\\/lippukauppa\\\/wp-content\\\/uploads\\\/2024\\\/08\\\/parhaat-bileet-dark-logo.png\",\"width\":1500,\"height\":500,\"caption\":\"Parhaat bileet\"},\"image\":{\"@id\":\"https:\\\/\\\/www.parhaatbileet.fi\\\/lippukauppa\\\/#\\\/schema\\\/logo\\\/image\\\/\"}}]}<\/script>\n<!-- \/ Yoast SEO Premium plugin. -->","yoast_head_json":{"title":"P\u00e4rj\u00e4 Ski & Bistro - PARHAATBILEET.FI","description":"P\u00e4rj\u00e4 Ski & Bistro l\u00f6ytyy Iso-Sy\u00f6tteen takarinteiden juurelta. Iso aurinko terassi ja suosittu erinomainen keitti\u00f6 tarjoaa herkulliset sapuskat ja maittavat juomat! Silloin t\u00e4ll\u00f6in my\u00f6s live-esiintymisi\u00e4 - ennakkoliput myy Parhaatbileet.fi!","robots":{"index":"index","follow":"follow","max-snippet":"max-snippet:-1","max-image-preview":"max-image-preview:large","max-video-preview":"max-video-preview:-1"},"canonical":"https:\/\/www.parhaatbileet.fi\/lippukauppa\/parja\/","og_locale":"fi_FI","og_type":"article","og_title":"P\u00e4rj\u00e4 Ski & Bistro","og_description":"P\u00e4rj\u00e4 Ski & Bistro l\u00f6ytyy Iso-Sy\u00f6tteen takarinteiden juurelta. Iso aurinko terassi ja suosittu erinomainen keitti\u00f6 tarjoaa herkulliset sapuskat ja maittavat juomat! Silloin t\u00e4ll\u00f6in my\u00f6s live-esiintymisi\u00e4 - ennakkoliput myy Parhaatbileet.fi!","og_url":"https:\/\/www.parhaatbileet.fi\/lippukauppa\/parja\/","og_site_name":"PARHAATBILEET.FI","article_modified_time":"2026-03-27T10:55:12+00:00","og_image":[{"url":"https:\/\/parhaatbileet.fi\/lippukauppa\/wp-content\/uploads\/2024\/08\/parhaat-bileet-dark-logo-medium-300x100.png","type":"","width":"","height":""}],"twitter_card":"summary_large_image","twitter_misc":{"Arvioitu lukuaika":"2 minuuttia"},"schema":{"@context":"https:\/\/schema.org","@graph":[{"@type":"WebPage","@id":"https:\/\/www.parhaatbileet.fi\/lippukauppa\/parja\/","url":"https:\/\/www.parhaatbileet.fi\/lippukauppa\/parja\/","name":"P\u00e4rj\u00e4 Ski & Bistro - PARHAATBILEET.FI","isPartOf":{"@id":"https:\/\/www.parhaatbileet.fi\/lippukauppa\/#website"},"primaryImageOfPage":{"@id":"https:\/\/www.parhaatbileet.fi\/lippukauppa\/parja\/#primaryimage"},"image":{"@id":"https:\/\/www.parhaatbileet.fi\/lippukauppa\/parja\/#primaryimage"},"thumbnailUrl":"https:\/\/parhaatbileet.fi\/lippukauppa\/wp-content\/uploads\/2024\/08\/parhaat-bileet-dark-logo-medium-300x100.png","datePublished":"2025-03-29T11:51:45+00:00","dateModified":"2026-03-27T10:55:12+00:00","description":"P\u00e4rj\u00e4 Ski & Bistro l\u00f6ytyy Iso-Sy\u00f6tteen takarinteiden juurelta. Iso aurinko terassi ja suosittu erinomainen keitti\u00f6 tarjoaa herkulliset sapuskat ja maittavat juomat! Silloin t\u00e4ll\u00f6in my\u00f6s live-esiintymisi\u00e4 - ennakkoliput myy Parhaatbileet.fi!","breadcrumb":{"@id":"https:\/\/www.parhaatbileet.fi\/lippukauppa\/parja\/#breadcrumb"},"inLanguage":"fi","potentialAction":[{"@type":"ReadAction","target":["https:\/\/www.parhaatbileet.fi\/lippukauppa\/parja\/"]}]},{"@type":"ImageObject","inLanguage":"fi","@id":"https:\/\/www.parhaatbileet.fi\/lippukauppa\/parja\/#primaryimage","url":"https:\/\/parhaatbileet.fi\/lippukauppa\/wp-content\/uploads\/2024\/08\/parhaat-bileet-dark-logo-medium-300x100.png","contentUrl":"https:\/\/parhaatbileet.fi\/lippukauppa\/wp-content\/uploads\/2024\/08\/parhaat-bileet-dark-logo-medium-300x100.png"},{"@type":"BreadcrumbList","@id":"https:\/\/www.parhaatbileet.fi\/lippukauppa\/parja\/#breadcrumb","itemListElement":[{"@type":"ListItem","position":1,"name":"Etusivu","item":"https:\/\/www.parhaatbileet.fi\/lippukauppa\/"},{"@type":"ListItem","position":2,"name":"P\u00e4rj\u00e4 Ski &#038; Bistro"}]},{"@type":"WebSite","@id":"https:\/\/www.parhaatbileet.fi\/lippukauppa\/#website","url":"https:\/\/www.parhaatbileet.fi\/lippukauppa\/","name":"Parhaat bileet ja lippukauppa","description":"Lippukauppa tapahtumille. J\u00e4rjest\u00e4j\u00e4lle ilmainen.","publisher":{"@id":"https:\/\/www.parhaatbileet.fi\/lippukauppa\/#organization"},"potentialAction":[{"@type":"SearchAction","target":{"@type":"EntryPoint","urlTemplate":"https:\/\/www.parhaatbileet.fi\/lippukauppa\/?s={search_term_string}"},"query-input":{"@type":"PropertyValueSpecification","valueRequired":true,"valueName":"search_term_string"}}],"inLanguage":"fi"},{"@type":"Organization","@id":"https:\/\/www.parhaatbileet.fi\/lippukauppa\/#organization","name":"Parhaat bileet","url":"https:\/\/www.parhaatbileet.fi\/lippukauppa\/","logo":{"@type":"ImageObject","inLanguage":"fi","@id":"https:\/\/www.parhaatbileet.fi\/lippukauppa\/#\/schema\/logo\/image\/","url":"https:\/\/parhaatbileet.fi\/lippukauppa\/wp-content\/uploads\/2024\/08\/parhaat-bileet-dark-logo.png","contentUrl":"https:\/\/parhaatbileet.fi\/lippukauppa\/wp-content\/uploads\/2024\/08\/parhaat-bileet-dark-logo.png","width":1500,"height":500,"caption":"Parhaat bileet"},"image":{"@id":"https:\/\/www.parhaatbileet.fi\/lippukauppa\/#\/schema\/logo\/image\/"}}]}},"lang":"fi","translations":{"fi":22437},"pll_sync_post":[],"ticketed":false,"_links":{"self":[{"href":"https:\/\/www.parhaatbileet.fi\/lippukauppa\/wp-json\/wp\/v2\/pages\/22437","targetHints":{"allow":["GET"]}}],"collection":[{"href":"https:\/\/www.parhaatbileet.fi\/lippukauppa\/wp-json\/wp\/v2\/pages"}],"about":[{"href":"https:\/\/www.parhaatbileet.fi\/lippukauppa\/wp-json\/wp\/v2\/types\/page"}],"author":[{"embeddable":true,"href":"https:\/\/www.parhaatbileet.fi\/lippukauppa\/wp-json\/wp\/v2\/users\/2"}],"replies":[{"embeddable":true,"href":"https:\/\/www.parhaatbileet.fi\/lippukauppa\/wp-json\/wp\/v2\/comments?post=22437"}],"version-history":[{"count":35,"href":"https:\/\/www.parhaatbileet.fi\/lippukauppa\/wp-json\/wp\/v2\/pages\/22437\/revisions"}],"predecessor-version":[{"id":54270,"href":"https:\/\/www.parhaatbileet.fi\/lippukauppa\/wp-json\/wp\/v2\/pages\/22437\/revisions\/54270"}],"wp:attachment":[{"href":"https:\/\/www.parhaatbileet.fi\/lippukauppa\/wp-json\/wp\/v2\/media?parent=22437"}],"curies":[{"name":"wp","href":"https:\/\/api.w.org\/{rel}","templated":true}]}}